en 2086516 is divided by 2688?
628
What is the remainder when 1821520 is divided by 203?
1
What is the remainder when 532256 is divided by 532159?
97
Calculate the remainder when 324882620 is divided by 704.
700
Calculate the remainder when 4259650 is divided by 330.
10
What is the remainder when 4348654 is divided by 2626?
2624
Calculate the remainder when 178209412 is divided by 18.
16
Calculate the remainder when 1016324 is divided by 2143.
542
Calculate the remainder when 9416122 is divided by 881.
875
What is the remainder when 6640679 is divided by 13951?
3
What is the remainder when 25662 is divided by 1966?
104
Calculate the remainder when 58144644 is divided by 35.
19
What is the remainder when 22492511 is divided by 72?
71
What is the remainder when 371205 is divided by 10295?
585
Calculate the remainder when 5763002 is divided by 198723.
35
Calculate the remainder when 20721 is divided by 1872.
129
Calculate the remainder when 6631 is divided by 2454.
1723
Calculate the remainder when 341468137 is divided by 113822710.
7
What is the remainder when 717572 is divided by 3417?
2
Calculate the remainder when 143579 is divided by 35614.
1123
What is the remainder when 104396272 is divided by 2130536?
8
Calculate the remainder when 4769795 is divided by 31.
11
What is the remainder when 381122 is divided by 9743?
1145
What is the remainder when 2506070 is divided by 60?
50
Calculate the remainder when 161733 is divided by 103.
23
Calculate the remainder when 796212 is divided by 530.
152
What is the remainder when 69170528 is divided by 379?
375
What is the remainder when 3142778 is divided by 6730?
6598
What is the remainder when 138006 is divided by 45950?
156
What is the remainder when 310682 is divided by 13490?
412
What is the remainder when 5384577 is divided by 1474?
55
Calculate the remainder when 47466198 is divided by 930.
858
Calculate the remainder when 2740917 is divided by 140.
137
What is the remainder when 1079461 is divided by 215885?
36
What is the remainder when 1577959 is divided by 315575?
84
What is the remainder when 288157 is divided by 160?
157
What is the remainder when 1610336 is divided by 19?
10
What is the remainder when 59937 is divided by 2219?
24
What is the remainder when 92054 is divided by 91?
53
What is the remainder when 922854 is divided by 458?
442
Calculate the remainder when 94469 is divided by 595.
459
Calculate the remainder when 1123637 is divided by 2816.
53
Calculate the remainder when 9165620 is divided by 2141.
2140
Calculate the remainder when 310904 is divided by 6614.
46
What is the remainder when 643101 is divided by 71423?
294
Calculate the remainder when 9981536 is divided by 2070.
2066
Calculate the remainder when 16945772 is divided by 447.
2
Calculate the remainder when 1387876 is divided by 14764.
60
What is the remainder when 41065 is divided by 348?
1
Calculate the remainder when 88414 is divided by 14.
4
What is the remainder when 8803151 is divided by 2707?
2694
What is the remainder when 519342 is divided by 172953?
483
Calculate the remainder when 165330 is divided by 53733.
4131
What is the remainder when 41856134 is divided by 1966?
1960
Calculate the remainder when 4673920 is divided by 691.
687
What is the remainder when 19080697 is divided by 6360223?
28
Calculate the remainder when 675145 is divided by 112521.
19
Calculate the remainder when 1503421 is divided by 647.
440
What is the remainder when 136717 is divided by 461?
261
Calculate the remainder when 272814 is divided by 11859.
57
What is the remainder when 6222048 is divided by 153?
150
Calculate the remainder when 289477689 is divided by 196.
193
What is the remainder when 256817 is divided by 140?
57
What is the remainder when 26481154 is divided by 39?
37
What is the remainder when 9318 is divided by 2569?
1611
What is the remainder when 15175307 is divided by 40?
27
What is the remainder when 4555585 is divided by 455550?
85
Calculate the remainder when 12364985 is divided by 6182474.
37
What is the remainder when 603768 is divided by 50314?
0
Calculate the remainder when 40225057 is divided by 386.
383
What is the remainder when 2702151 is divided by 343?
340
What is the remainder when 515853 is divided by 82?
73
Calculate the remainder when 325508298 is divided by 81377073.
6
What is the remainder when 5816135 is divided by 1957?
1888
Calculate the remainder when 3130649 is divided by 1565248.
153
Calculate the remainder when 26719 is divided by 368.
223
What is the remainder when 33024714 is divided by 69?
3
What is the remainder when 5544050 is divided by 1053?
5
What is the remainder when 36649765 is divided by 13122?
19
What is the remainder when 357355 is divided by 10585?
8050
Calculate the remainder when 17118 is divided by 214.
212
What is the remainder when 10484 is divided by 2542?
316
Calculate the remainder when 18630223 is divided by 775.
773
What is the remainder when 96570 is divided by 8011?
438
Calculate the remainder when 1122460 is divided by 22907.
17
What is the remainder when 25545 is divided by 12169?
1207
What is the remainder when 13380 is divided by 2519?
785
Calculate the remainder when 7622 is divided by 5161.
2461
What is the remainder when 48971325 is divided by 6121415?
5
What is the remainder when 77945445 is divided by 516195?
0
Calculate the remainder when 467432 is divided by 90.
62
What is the remainder when 201444 is divided by 2255?
749
Calculate the remainder when 443820 is divided by 2920.
2900
What is the remainder when 39401334 is divided by 330?
324
Calculate the remainder when 422239 is divided by 26.
25
What is the remainder when 169913811 is divided by 80?
51
What is the remainder when 24308 is divided by 701?
474
What is the remainder when 197020 is divided by 1048?
1044
What is the remainder when 1013702 is divided by 17?
9
What is the remainder when 141774946 is divided by 1407?
1405
Calculate the remainder when 35065840 is divided by 324.
292
Calculate the remainder when 25790845 is divided by 3363.
3361
What is the remainder when 676674 is divided by 436?
2
What is the remainder when 87873 is divided by 334?
31
What is the remainder when 562188 is divided by 1181?
32
What is the remainder when 15247852 is divided by 35?
32
What is the remainder when 328958 is divided by 1137?
365
Calculate the remainder when 34853066 is divided by 4130.
4126
What is the remainder when 1805507 is divided by 1805144?
363
What is the remainder when 2257739 is divided by 9?
8
Calculate the remainder when 3891447 is divided by 61.
13
Calculate the remainder when 121197268 is divided by 262.
260
Calculate the remainder when 6988857 is divided by 370.
297
Calculate the remainder when 461519 is divided by 13185.
44
What is the remainder when 1218215 is divided by 34?
29
What is the remainder when 47155156 is divided by 10?
6
Calculate the remainder when 10081565 is divided by 48.
29
What is the remainder when 43468 is divided by 345?
343
What is the remainder when 96823737 is divided by 29?
16
What is the remainder when 3439619 is divided by 1719767?
85
Calculate the remainder when 19903989 is divided by 18111.
0
Calculate the remainder when 222687 is divided by 1740.
1707
What is the remainder when 170136 is divided by 285?
276
What is the remainder when 269432 is divided by 994?
58
What is the remainder when 1125394 is divided by 18?
16
What is the remainder when 192391407 is divided by 147?
12
What is the remainder when 330429 is divided by 2581?
61
What is the remainder when 430668 is divided by 44?
40
What is the remainder when 3286290 is divided by 281?
276
Calculate the remainder when 100028 is divided by 99700.
328
What is the remainder when 391871 is divided by 2313?
974
What is the remainder when 1011809 is divided by 3563?
3480
What is the remainder when 9875665 is divided by 185?
180
Calculate the remainder when 1202619 is divided by 243.
12
Calculate the remainder when 195146 is divided by 13938.
14
What is the remainder when 280251 is divided by 487?
226
What is the remainder when 314799228 is divided by 24?
12
What is the remainder when 45386457 is divided by 5650?
7
What is the remainder when 2831740 is divided by 1488?
76
What is the remainder when 2188620 is